16) to base 5
2124414310
Convert -101100202221 (base 3) to base 10.
-203956
-90b17 (base 15) to base 6
-13452534
What is 921220 (base 13) in base 5?
1332320240
Convert -57129 (base 13) to base 5.
-20032023
What is -168532 (base 10) in base 9?
-276157
Convert 347d82 (base 14) to base 2.
110110100110001001110
-1da96 (base 14) to base 2
-10010100110010100
-b78984 (base 14) to base 9
-12612785
Convert 237678 (base 11) to base 2.
1011011110101011001
Convert -222113 (base 5) to base 10.
-7783
-100001010101011 (base 2) to base 9
-25363
What is 14205548 (base 10) in base 9?
28651312
Convert -21014321 (base 5) to base 12.
-841ba
What is 3b71a (base 14) in base 11?
a0350
Convert 4425d2 (base 14) to base 3.
11100102221021
-201100212110 (base 3) to base 2
-1011101000011110011
What is 17545324 (base 8) in base 3?
21202001221012
What is -101110332022 (base 4) in base 16?
-454f8a
What is 140311042 (base 5) in base 13?
1bc871
What is 5a72247 (base 11) in base 9?
21805418
What is -32232213031 (base 4) in base 15?
-513eb1
Convert -146adcb (base 14) to base 5.
-10021111440
What is 3164231 (base 8) in base 16?
ce899
Convert 467273 (base 11) to base 5.
142213224
What is 203110 (base 10) in base 11?
129666
-12221003111 (base 4) to base 13
-48c5b1
Convert 121132303310 (base 4) to base 9.
13510855
1000101111101100 (base 2) to base 13
133c5
Convert -67415b (base 14) to base 7.
-41544544
Convert 4443312 (base 6) to base 16.
369bc
What is 14257672 (base 9) in base 6?
411233402
-289f7d (base 16) to base 13
-722a0c
-3553500 (base 7) to base 12
-198699
What is 10112001012021 (base 3) in base 12?
762744
6ac4d (base 15) to base 10
340273
What is 2120311300 (base 5) in base 8?
21015335
What is 1223404042 (base 5) in base 4?
23100111322
What is -74fe (base 16) in base 9?
-45067
Convert -1694cc (base 14) to base 9.
-1440120
Convert 1101000101001010000010 (base 2) to base 10.
3428994
Convert 853415 (base 15) to base 12.
2158602
-2112123030 (base 4) to base 5
-124204030
What is -11020021020001 (base 3) in base 9?
-4207201
What is 1d0ce (base 15) in base 13?
34142
What is -21113003332 (base 4) in base 16?
-2570fe
-cd4c0 (base 16) to base 15
-11924b
167887 (base 9) to base 8
313465
-1102100221220 (base 3) to base 16
-b860e
Convert -15668 (base 16) to base 5.
-10301111
b7337 (base 13) to base 5
41030403
Convert 865426 (base 9) to base 16.
7dea7
What is -969680 (base 11) in base 15?
-20944d
What is 7eb0 (base 16) in base 10?
32432
-242112143 (base 5) to base 10
-1129048
Convert 10033210223 (base 4) to base 3.
2002111212122
-7105062 (base 9) to base 15
-4eac92
-4d924 (base 16) to base 11
-1a7798
-176357 (base 13) to base 10
-584981
What is 952a85 (base 11) in base 9?
2776124
Convert 221001000201 (base 4) to base 13.
22c5c66
1201120132 (base 4) to base 7
3250624
Convert -37415 (base 13) to base 10.
-101756
Convert -122d9 (base 15) to base 11.
-3a664
What is -120000123113 (base 4) in base 3?
-102211201122202
-1000001001011100100 (base 2) to base 12
-10a604
Convert 10123200230 (base 4) to base 7.
12604412
-46ab16 (base 12) to base 6
-40223230
-11001011011111000 (base 2) to base 12
-50360
Convert -20101122222 (base 3) to base 7.
-1032656
What is 21011325 (base 6) in base 11?
385a18
What is -12342b4 (base 13) in base 2?
-10101100110111001011111
Convert -115166 (base 10) to base 9.
-184872
Convert 112211422 (base 6) to base 4.
13321121012
What is 6400840 (base 10) in base 11?
3682056
-254028 (base 15) to base 4
-12303321011
Convert 1135235 (base 6) to base 8.
164147
Convert -5585868 (base 9) to base 14.
-584977
-400051 (base 6) to base 15
-935a
530211 (base 6) to base 10
42847
Convert -11101101011001100 (base 2) to base 11.
-83359
Convert -1011011000010010110011 (base 2) to base 8.
-13302263
-8c25a9 (base 13) to base 8
-14521266
102211210100111 (base 3) to base 6
342524534
Convert 23022411 (base 5) to base 4.
301332323
What is -3311302231 (base 4) in base 13?
-293326
Convert -1143181 (base 10) to base 2.
-100010111000110001101
What is 2130132302 (base 4) in base 5?
131002241
18d542 (base 15) to base 7
13165025
What is -24113721 (base 8) in base 14?
-9b6b97
Convert -210182 (base 12) to base 14.
-d701c
Convert -1bb9a (base 13) to base 2.
-1101010110111010
-2360021 (base 8) to base 4
-2132000101
What is 142200411 (base 5) in base 14?
153d35
613034 (base 7) to base 12
50435
-111000110111010100000 (base 2) to base 8
-7067240
Convert -1132433013 (base 5) to base 15.
-36c7c3
Convert 1202244 (base 6) to base 2.
1111010100010100
-140361635 (base 7) to base 11
-5172387
What is -2433042 (base 8) in base 9?
-1228885
What is 120010200002 (base 3) in base 15?
5d415
What is 14b21b (base 13) in base 6?
14533230
What is -12781334 (base 9) in base 3?
-102212201101011
100111000100100001111 (base 2) to base 4
10320210033
100001010010110100010101 (base 2) to base 15
b76054
-50410 (base 13) to base 2
-100011000010000110
40dd2 (base 14) to base 8
461354
22a4a1 (base 12) to base 15
b010d
-66b902 (base 14) to base 10
-3489390
What is -c8bca (base 13) in base 5?
-43043313
Convert -34aca4 (base 13) to base 4.
-10301232133
What is 10341112 (base 5) in base 11?
61811
-1011000111001100011111 (base 2) to base 9
-5428857
123310022 (base 4) to base 2
11011110100001010
Convert 11638ab (base 14) to base 8.
37542137
What is -151026 (base 9) in base 14?
-25a6b
148510 (base 10) to base 3
21112201101
What is 55015544 (base 6) in base 12?
66a5b4
1200212012011 (base 3) to base 6
31202521
Convert -168a04 (base 11) to base 5.
-31321014
-10202122210202 (base 3) to base 7
-23002466
-13201410 (base 5) to base 15
-28e55
What is -1140325 (base 6) in base 3?
-10000221122
Convert -2202223011 (base 4) to base 5.
-132310214
Convert -1003515 (base 7) to base 12.
-589b3
What is a45fd8 (base 16) in base 6?
1022520224
Convert -312023130 (base 4) to base 12.
-a8510
375ed (base 15) to base 8
531320
What is 2101001010200 (base 3) in base 16?
133bfc
620 (base 10) to base 11
514
What is 12111526 (base 8) in base 3?
12000002200100
Convert 2701d9 (base 14) to base 2.
101001000010110110011
What is 55abc (base 14) in base 8?
626066
Convert 9384a (base 13) to base 4.
1000231132
What is -4715274 (base 10) in base 3?
-22212120010210
825180 (base 10) to base 9
1486836
What is -1385351 (base 9) in base 16?
-bac52
What is -121012100 (base 3) in base 2?
-10111000100000
What is 42c20 (base 13) in base 6?
2330432
Convert 2214462 (base 8) to base 6.
20440310
Convert 9aa5a (base 12) to base 16.
32266
Convert -188167 (base 9) to base 14.
-30b79
What is -32133130021 (base 4) in base 2?
-1110011111011100001001
Convert 147888 (base 11) to base 7.
1645354
Convert 1012101002111 (base 3) to base 14.
128313
Convert 8755377 (base 9) to base 12.
16a8a2a
What is 3300433302 (base 5) in base 12?
2439711
Convert 28668 (base 12) to base 9.
85128
22164444 (base 7) to base 12
7843b9
What is -110001100010011010 (base 2) in base 16?
-3189a
Convert -227475 (base 8) to base 15.
-18004
What is -3251402 (base 7) in base 12?
-172b6b
Convert -15092 (base 10) to base 11.
-10380
-220120 (base 9) to base 8
-400367
40a9 (base 13) to base 14
3379
What is 116b6 (base 16) in base 2?
10001011010110110
-1493587 (base 10) to base 15
-1e7827
What is b50e50 (base 16) in base 3?
211022211122122
-8371 (base 11) to base 16
-2b51
Convert 14aa279 (base 13) to base 14.
c44771
Convert 12222002101000 (base 3) to base 7.
35643666
Convert bcecb2 (base 16) to base 7.
210145160
Convert -521369 (base 15) to base 13.
-a6824c
Convert -2121220202120 (base 3) to base 5.
-324131421
What is 2237d (base 14) in base 3?
11012212210
Convert -298722 (base 10) to base 7.
-2352624
Convert 71173 (base 8) to base 15.
8a3c
111100111111001011010 (base 2) to base 9
3675283
-31233302211 (base 4) to base 16
-36fca5
54304 (base 11) to base 3
11000020002
What is 101001102211112 (base 3) in base 7?
63261305
-77148 (base 12) to base 16
-26708
c80432 (base 15) to base 9
18816762
What is 17abb (base 16) in base 6?
2024511
What is 1221200201200 (base 3) in base 7?
11546550
What is 77acf (base 16) in base 13?
142170
What is 20a574 (base 11) in base 9?
562032
What is 440467 (base 8) in base 9?
244625
What is 1223102022 (base 4) in base 12?
192376
What is -681d (base 15) in base 5?
-1201303
What is 5a101 (base 11) in base 3?
11101211210
C